culate the highest common divisor of 116 and i.
29
Let c be (96 - 8/2) + 4. Suppose 0 = 88*l - c*l + 96. What is the greatest common factor of l and 228?
12
Suppose -190*u + 192*u = 4*r - 1610, 0 = r - 2*u - 392. Calculate the greatest common divisor of 168 and r.
14
Let v = 15942 + -15258. What is the greatest common factor of v and 950?
38
Let g = 1924 - 1809. Suppose 3*y - 35 = 5*p, 0 = 4*y - p - 4*p - 50. What is the highest common divisor of y and g?
5
Let g = -33 - -153. Let q = 138 - 18. Suppose -30*l - q = -35*l. Calculate the highest common factor of l and g.
24
Let t(b) = 4*b**2 + 6*b + 3. Let i be t(-6). Let x = i + -60. What is the highest common factor of 3 and x?
3
Suppose -95*f + 70796 = -225798 - 328696. Calculate the highest common factor of f and 6.
6
Let h(n) = n**2 + 6*n - 22. Let d be h(11). Let c = 175 - d. What is the greatest common factor of c and 230?
10
Suppose -5197 - 2277 = -6*l + 2*x, 6233 = 5*l - x. What is the highest common factor of l and 1092?
156
Let s(d) be the first derivative of -7*d**3/3 + 2*d - 29. Let q be s(4). Let u = q + 114. What is the greatest common divisor of u and 2?
2
Suppose 7*i + 14*i - 52584 = 0. Let w be i/56 + (-4)/(-14). What is the greatest common divisor of w and 75?
15
Let q(m) = 2*m**2 - 39*m + 58. Let d be q(20). Calculate the greatest common divisor of d and 1209.
39
Suppose 7*c = 84*c - 187572. Calculate the greatest common divisor of 87 and c.
87
Let t be (176/(-24))/(4/(-6)). Suppose -3 = 6*x - 21. Let u be 8*6/x + -5. What is the greatest common factor of u and t?
11
Let f be 1/5 + (189/15)/7. Suppose 0*y - 2*y = f*g - 8, -3*g + 5*y + 36 = 0. What is the greatest common divisor of g and 49?
7
Suppose -7*c = -2*c, 5*c = 3*g. Suppose g = r - 5 + 2. Suppose 4 = r*v - 2. What is the greatest common divisor of v and 8?
2
Let a = 982 - 404. Suppose 15 = -14*d + 19*d, -4*l + d + 133 = 0. What is the highest common divisor of l and a?
34
Let o be 430/4 + 5/10. Let g be 6828/o - 2/9. Suppose 177 = 14*z - 117. What is the highest common factor of g and z?
21
Suppose -3*a + 3 = -9. Suppose 22 + 42 = a*h. Let s be (-2)/(-2)*7/(14/80). What is the highest common factor of h and s?
8
Let u = 354 + -291. Calculate the greatest common factor of 77 and u.
7
Suppose 24060 = 101*l - 81*l. What is the greatest common divisor of l and 3?
3
Let r(m) = 13*m**2 - 1. Suppose 0 = -3*t + 3*w - 120, 4*t - 2*t + 3*w = -65. Let v = t - -36. Let n be r(v). Calculate the greatest common divisor of n and 60.
12
Let b be (9 + -8)/(3/288*4). Suppose 10*a - 449 = -89. Calculate the greatest common divisor of b and a.
12
Let z be 360*(2/17 + 2706/408). What is the greatest common factor of z and 120?
30
Let o(b) = 2*b**3 + 1. Let z(j) = 161*j**3 - j**2 + j - 3. Let l(x) = -5*o(x) - z(x). Let d be l(-1). What is the highest common divisor of d and 57?
57
Let s(w) = -w**2 - 3*w + 5. Let x be s(0). Let b(f) = 0*f + 6*f**2 + 0*f + 0*f - 21 - x*f. Let a be b(-5). Calculate the greatest common divisor of a and 14.
14
Let n(l) = l**2 - 50*l + 304. Let b be n(43). What is the greatest common factor of 681 and b?
3
Let g(d) = d + 15. Let b be g(-11). Let y be b + (3 + -1 - -181). Let c = 300 + -283. What is the greatest common divisor of c and y?
17
Let k = -162 - -164. Suppose -i + 113 = -5*o, 4*i + 5*o - k = 475. Calculate the greatest common divisor of i and 59.
59
Let a be 57 - 408/544*8/6. Calculate the greatest common factor of a and 19432.
56
Suppose -789 = -2*r + l, 5*r - 2*l + 3*l = 1983. Let t(j) = -j**3 + 3*j**2 - 4*j + 11. Let m be t(0). Calculate the highest common factor of m and r.
11
Let t(b) = 1115*b**2 + 1651*b - 11500. Let y be t(7). What is the highest common divisor of 11 and y?
11
Let n be 14/(-49) - 772/(-7). Let c(b) = -79 + 59 + 3*b - 4*b + 9*b. Let d be c(8). Calculate the greatest common factor of n and d.
22
Let c = -4631 - -4639. Calculate the highest common divisor of 34 and c.
2
Suppose 4*i + 4760 = 3*z, 4*z + 5*i = 4613 + 1713. Calculate the highest common divisor of 60 and z.
12
Let x be (-6)/2 + 0 + -133 + -1076. Let s = x - -1226. Suppose 3*c + 10 = 52. What is the highest common factor of s and c?
14
Suppose -j - 18 = j. Let y(w) = 3*w**3 - 57*w**2 + 3*w - 72. Let v be y(19). Let z be (-145)/v + (-12)/j. What is the greatest common divisor of z and 22?
11
Let p = 198 + -192. Let t(x) be the second derivative of 10*x**3/3 + 4*x**2 + x. Let m be t(p). Calculate the greatest common factor of m and 16.
16
Suppose -5*y + 4*y + 16 = 5*c, 0 = -4*y - 5*c + 64. What is the highest common factor of y and 400?
16
Let w be 2*(-3 - 11)*57/(-38). What is the highest common divisor of 3381 and w?
21
Let r(u) = u**3 + 9*u**2 + 14*u + 9. Let k be 8 + -3 + (-33)/(-3). Let l = -22 + k. Let q be r(l). Calculate the highest common divisor of q and 88.
11
Let s = 3031 + -5635. Let l be 12/(-18) + s/(-18). What is the highest common divisor of l and 9?
9
Let s = -16765 + 11881. Let i be ((-102)/(-4))/(-17)*s/9. Calculate the highest common factor of i and 22.
22
Suppose 2*l + 3*u = -l + 15, -9 = -3*u. Suppose l = -3*z - 1. Let o be z + ((-160)/(-3) - (-18)/27). What is the greatest common divisor of 371 and o?
53
Let c = -6808 + 7198. What is the highest common divisor of c and 39?
39
Suppose 13*u + 736 = -10*u. Let g be (-3)/12 + (-1064)/u. What is the highest common divisor of g and 6?
3
Suppose 0 = -33*m - 618 + 3687. Suppose -m = -3*z + 63. Calculate the greatest common divisor of 156 and z.
52
Let f(z) = 4*z**2 + 18*z + 9. Let y be f(10). What is the highest common divisor of 38 and y?
19
Suppose 2*i - 45 = -3*f - i, 0 = -f + 4*i - 10. Suppose 12*x = 6*x + 18. Let a be -4 + (-9)/x + 47. Calculate the highest common factor of f and a.
10
Let a be 5/(-10)*((-6 - -1) + -76 + 7). Let r = 15 + -10. Suppose 5*x + 58 = r*k + 13, 3*k + 2*x = a. Calculate the highest common factor of 143 and k.
11
Let l(o) = 14*o + 239. Let p be l(-17). Let w = 2 - 5. Let n be (p - 44/20)/(w/80). Calculate the greatest common divisor of n and 160.
32
Let n(g) = -11*g - 119. Let z = 38 - 50. Let j be n(z). Calculate the greatest common factor of 143 and j.
13
Suppose 3*k + 5*b - 11 = 0, 0 = b + 3*b + 20. Suppose 74*i - 12677 - 11299 = 0. Calculate the highest common divisor of i and k.
12
Suppose x + 8 + 23 = 0. Let n(m) = m**2 + 7*m - 169. Let q be n(-16). Let f = q - x. What is the greatest common divisor of f and 15?
3
Let x = -4086 + 4321. Suppose 3 = -f, 4*k - k + f = 12. What is the greatest common divisor of x and k?
5
Let j(t) = t**2 - 76*t + 1629. Let o be j(44). Calculate the highest common factor of o and 104.
13
Suppose 0 = 267*l - 257*l - 150. Calculate the greatest common divisor of l and 315.
15
Let g be -3*((-2)/(-2))/(-3). Suppose 8*q - 9*q + 12 = 0. Let l be -8 + q - 0/g. Calculate the highest common factor of 6 and l.
2
Let p be ((-11)/(-33))/(4/(-24)). Let g(m) = 10*m**2 - 6*m - 10. Let b be g(p). Calculate the greatest common factor of 238 and b.
14
Let h = 17 - -8. Let c(j) = -2*j**3 + 10*j**2 + 7*j + 40. Let k be c(6). Calculate the greatest common divisor of h and k.
5
Let g(r) = -r + 1. Let o be g(-1). Let h(f) = -14*f**2. Let b be h(o). Let l be (0 - 119)*16/b. What is the greatest common divisor of 17 and l?
17
Let u = 4297 + -2893. Suppose -14*j - u = -41*j. Calculate the greatest common factor of 234 and j.
26
Let o be (0 + 0)/(-2 - 0) + 730 + 11. Calculate the highest common factor of o and 351.
39
Let x = 779 + -360. Suppose -4*n - 2*c + 604 = 0, 36 + x = 3*n + c. What is the greatest common factor of 408 and n?
51
Let b(m) = -m**3 + m**2 + m + 25. Let g be b(0). Let z = -167 - -192. Calculate the highest common factor of z and g.
25
Suppose -6*g = -618 - 306. Let a = -148 + g. What is the highest common divisor of a and 39?
3
Suppose -30424 = -s - 2*o - 6848, o = 4*s - 94322. Calculate the greatest common factor of 45 and s.
45
Let s be 8/(-14) - 16068/(-91). Suppose 17*v + s - 1876 = 0. What is the greatest common divisor of v and 4?
4
Let q(l) = l**3 + 54*l**2 + 41*l - 615. Let p be q(-53). What is the greatest common factor of p and 385?
7
Suppose -158*n = -157*n - 47. Let y(c) = -422*c + 1. Let d be y(-1). What is the greatest common factor of d and n?
47
Let d = 1931 + -1859. Calculate the